{"id":34,"date":"2022-01-09T08:44:45","date_gmt":"2022-01-09T07:44:45","guid":{"rendered":"https:\/\/www.motorpower.sk\/?page_id=34"},"modified":"2022-01-09T08:44:45","modified_gmt":"2022-01-09T07:44:45","slug":"kontakt","status":"publish","type":"page","link":"https:\/\/www.motorpower.sk\/?page_id=34","title":{"rendered":"Kontakt"},"content":{"rendered":"","protected":false},"excerpt":{"rendered":"","protected":false},"author":1,"featured_media":0,"parent":0,"menu_order":0,"comment_status":"closed","ping_status":"closed","template":"","meta":{"footnotes":""},"class_list":["post-34","page","type-page","status-publish","hentry"],"yoast_head":"<!-- This site is optimized with the Yoast SEO plugin v20.3 - https:\/\/yoast.com\/wordpress\/plugins\/seo\/ -->\n<title>Kontakt - Motorpower<\/title>\n<meta name=\"robots\" content=\"index, follow, max-snippet:-1, max-image-preview:large, max-video-preview:-1\" \/>\n<link rel=\"canonical\" href=\"https:\/\/www.motorpower.sk\/?page_id=34\" \/>\n<meta property=\"og:locale\" content=\"cs_CZ\" \/>\n<meta property=\"og:type\" content=\"article\" \/>\n<meta property=\"og:title\" content=\"Kontakt - Motorpower\" \/>\n<meta property=\"og:url\" content=\"https:\/\/www.motorpower.sk\/?page_id=34\" \/>\n<meta property=\"og:site_name\" content=\"Motorpower\" \/>\n<meta name=\"twitter:card\" content=\"summary_large_image\" \/>\n<script type=\"application\/ld+json\" class=\"yoast-schema-graph\">{\"@context\":\"https:\/\/schema.org\",\"@graph\":[{\"@type\":\"WebPage\",\"@id\":\"https:\/\/www.motorpower.sk\/?page_id=34\",\"url\":\"https:\/\/www.motorpower.sk\/?page_id=34\",\"name\":\"Kontakt - Motorpower\",\"isPartOf\":{\"@id\":\"https:\/\/www.motorpower.sk\/#website\"},\"datePublished\":\"2022-01-09T07:44:45+00:00\",\"dateModified\":\"2022-01-09T07:44:45+00:00\",\"breadcrumb\":{\"@id\":\"https:\/\/www.motorpower.sk\/?page_id=34#breadcrumb\"},\"inLanguage\":\"cs\",\"potentialAction\":[{\"@type\":\"ReadAction\",\"target\":[\"https:\/\/www.motorpower.sk\/?page_id=34\"]}]},{\"@type\":\"BreadcrumbList\",\"@id\":\"https:\/\/www.motorpower.sk\/?page_id=34#breadcrumb\",\"itemListElement\":[{\"@type\":\"ListItem\",\"position\":1,\"name\":\"Dom\u016f\",\"item\":\"https:\/\/www.motorpower.sk\/\"},{\"@type\":\"ListItem\",\"position\":2,\"name\":\"Kontakt\"}]},{\"@type\":\"WebSite\",\"@id\":\"https:\/\/www.motorpower.sk\/#website\",\"url\":\"https:\/\/www.motorpower.sk\/\",\"name\":\"Motorpower\",\"description\":\"Chiptuning, autoelektrika, autok\u013e\u00fa\u010de\",\"potentialAction\":[{\"@type\":\"SearchAction\",\"target\":{\"@type\":\"EntryPoint\",\"urlTemplate\":\"https:\/\/www.motorpower.sk\/?s={search_term_string}\"},\"query-input\":\"required name=search_term_string\"}],\"inLanguage\":\"cs\"}]}<\/script>\n<!-- \/ Yoast SEO plugin. -->","yoast_head_json":{"title":"Kontakt - Motorpower","robots":{"index":"index","follow":"follow","max-snippet":"max-snippet:-1","max-image-preview":"max-image-preview:large","max-video-preview":"max-video-preview:-1"},"canonical":"https:\/\/www.motorpower.sk\/?page_id=34","og_locale":"cs_CZ","og_type":"article","og_title":"Kontakt - Motorpower","og_url":"https:\/\/www.motorpower.sk\/?page_id=34","og_site_name":"Motorpower","twitter_card":"summary_large_image","schema":{"@context":"https:\/\/schema.org","@graph":[{"@type":"WebPage","@id":"https:\/\/www.motorpower.sk\/?page_id=34","url":"https:\/\/www.motorpower.sk\/?page_id=34","name":"Kontakt - Motorpower","isPartOf":{"@id":"https:\/\/www.motorpower.sk\/#website"},"datePublished":"2022-01-09T07:44:45+00:00","dateModified":"2022-01-09T07:44:45+00:00","breadcrumb":{"@id":"https:\/\/www.motorpower.sk\/?page_id=34#breadcrumb"},"inLanguage":"cs","potentialAction":[{"@type":"ReadAction","target":["https:\/\/www.motorpower.sk\/?page_id=34"]}]},{"@type":"BreadcrumbList","@id":"https:\/\/www.motorpower.sk\/?page_id=34#breadcrumb","itemListElement":[{"@type":"ListItem","position":1,"name":"Dom\u016f","item":"https:\/\/www.motorpower.sk\/"},{"@type":"ListItem","position":2,"name":"Kontakt"}]},{"@type":"WebSite","@id":"https:\/\/www.motorpower.sk\/#website","url":"https:\/\/www.motorpower.sk\/","name":"Motorpower","description":"Chiptuning, autoelektrika, autok\u013e\u00fa\u010de","potentialAction":[{"@type":"SearchAction","target":{"@type":"EntryPoint","urlTemplate":"https:\/\/www.motorpower.sk\/?s={search_term_string}"},"query-input":"required name=search_term_string"}],"inLanguage":"cs"}]}},"_links":{"self":[{"href":"https:\/\/www.motorpower.sk\/index.php?rest_route=\/wp\/v2\/pages\/34","targetHints":{"allow":["GET"]}}],"collection":[{"href":"https:\/\/www.motorpower.sk\/index.php?rest_route=\/wp\/v2\/pages"}],"about":[{"href":"https:\/\/www.motorpower.sk\/index.php?rest_route=\/wp\/v2\/types\/page"}],"author":[{"embeddable":true,"href":"https:\/\/www.motorpower.sk\/index.php?rest_route=\/wp\/v2\/users\/1"}],"replies":[{"embeddable":true,"href":"https:\/\/www.motorpower.sk\/index.php?rest_route=%2Fwp%2Fv2%2Fcomments&post=34"}],"version-history":[{"count":1,"href":"https:\/\/www.motorpower.sk\/index.php?rest_route=\/wp\/v2\/pages\/34\/revisions"}],"predecessor-version":[{"id":35,"href":"https:\/\/www.motorpower.sk\/index.php?rest_route=\/wp\/v2\/pages\/34\/revisions\/35"}],"wp:attachment":[{"href":"https:\/\/www.motorpower.sk\/index.php?rest_route=%2Fwp%2Fv2%2Fmedia&parent=34"}],"curies":[{"name":"wp","href":"https:\/\/api.w.org\/{rel}","templated":true}]}}